sor of 2667 and 63?
21
Calculate the highest common factor of 6 and 3.
3
What is the highest common factor of 5712 and 136?
136
Calculate the highest common divisor of 175 and 455.
35
What is the greatest common factor of 1176 and 96?
24
What is the highest common divisor of 1067 and 44?
11
Calculate the greatest common divisor of 155 and 14880.
155
Calculate the greatest common divisor of 528 and 48.
48
Calculate the greatest common divisor of 3542 and 22.
22
What is the highest common divisor of 3968 and 186?
62
What is the greatest common factor of 11 and 2255?
11
What is the highest common factor of 6 and 49?
1
What is the highest common divisor of 5 and 6595?
5
Calculate the highest common factor of 11809 and 196.
49
Calculate the highest common divisor of 144 and 18.
18
Calculate the greatest common factor of 306 and 816.
102
What is the greatest common divisor of 3240 and 840?
120
What is the highest common factor of 56 and 1428?
28
Calculate the greatest common factor of 6014 and 291.
97
Calculate the greatest common factor of 224 and 6656.
32
What is the greatest common factor of 2109 and 19?
19
Calculate the highest common factor of 2755 and 285.
95
Calculate the highest common factor of 29 and 20329.
29
What is the highest common factor of 2686 and 34?
34
What is the greatest common factor of 162 and 25029?
81
What is the greatest common factor of 9 and 25101?
9
What is the greatest common factor of 26 and 14?
2
Calculate the greatest common divisor of 40 and 1220.
20
Calculate the highest common factor of 210 and 11690.
70
What is the greatest common factor of 60 and 1920?
60
What is the greatest common divisor of 35 and 5?
5
What is the highest common factor of 70 and 10?
10
Calculate the greatest common divisor of 15 and 375.
15
What is the greatest common factor of 19 and 2033?
19
What is the highest common divisor of 45 and 63?
9
What is the highest common factor of 21 and 2?
1
Calculate the highest common divisor of 438 and 4161.
219
What is the greatest common factor of 69 and 1495?
23
Calculate the highest common factor of 2015 and 65.
65
Calculate the greatest common factor of 5117 and 129.
43
What is the greatest common divisor of 18 and 1206?
18
What is the greatest common divisor of 902 and 3198?
82
What is the highest common factor of 83 and 3569?
83
What is the greatest common divisor of 11 and 4829?
11
Calculate the highest common divisor of 18 and 48.
6
What is the greatest common divisor of 6 and 39?
3
Calculate the highest common factor of 1862 and 14.
14
Calculate the highest common factor of 375 and 1000.
125
Calculate the highest common divisor of 18734 and 136.
34
Calculate the greatest common divisor of 390 and 78.
78
What is the highest common divisor of 4876 and 92?
92
What is the highest common divisor of 3 and 4?
1
What is the highest common divisor of 77 and 8162?
77
What is the highest common factor of 55354 and 26?
26
What is the greatest common divisor of 13703 and 71?
71
What is the greatest common divisor of 12519 and 26?
13
What is the greatest common divisor of 3177 and 9?
9
What is the greatest common divisor of 8919 and 9?
9
What is the greatest common divisor of 1205 and 5?
5
What is the greatest common factor of 1551 and 752?
47
What is the highest common factor of 6970 and 1190?
170
What is the greatest common factor of 14 and 4858?
14
Calculate the highest common factor of 110 and 6941.
11
Calculate the greatest common factor of 42 and 2598.
6
Calculate the highest common factor of 9 and 585.
9
What is the greatest common divisor of 2429 and 7?
7
Calculate the highest common divisor of 1023 and 264.
33
What is the highest common divisor of 855 and 684?
171
Calculate the highest common divisor of 1127 and 69.
23
What is the greatest common factor of 32 and 2?
2
What is the greatest common divisor of 104 and 1352?
104
Calculate the greatest common factor of 87 and 87.
87
What is the highest common factor of 52 and 598?
26
Calculate the greatest common factor of 160 and 10120.
40
Calculate the greatest common factor of 725 and 75.
25
Calculate the greatest common divisor of 11 and 209.
11
What is the greatest common factor of 117 and 624?
39
Calculate the greatest common divisor of 5046 and 6.
6
Calculate the highest common divisor of 552 and 9798.
138
Calculate the greatest common factor of 33 and 2409.
33
What is the highest common divisor of 387 and 172?
43
Calculate the greatest common factor of 1414 and 56.
14
Calculate the highest common factor of 450 and 18.
18
What is the highest common factor of 27 and 189?
27
Calculate the highest common factor of 1510 and 10.
10
Calculate the greatest common factor of 58 and 2.
2
What is the greatest common factor of 14 and 658?
14
Calculate the greatest common divisor of 1304 and 8.
8
Calculate the highest common divisor of 399 and 91.
7
What is the highest common divisor of 290 and 23490?
290
What is the greatest common factor of 18529 and 14?
7
What is the greatest common factor of 680 and 320?
40
What is the greatest common factor of 370 and 21645?
185
Calculate the highest common divisor of 2245 and 20.
5
Calculate the highest common divisor of 10962 and 882.
126
What is the highest common factor of 265 and 940?
5
What is the greatest common factor of 8 and 100?
4
Calculate the greatest common divisor of 1173 and 759.
69
What is the greatest common divisor of 2669 and 17?
17
What is the highest common divisor of 274 and 5069?
137
What is the highest common factor of 4554 and 198?
198
Calculate the highest common factor of 966 and 336.
42
What is the greatest common factor of 46 and 253?
23
What is the greatest common factor of 1 and 3505?
1
What is the greatest common factor of 1645 and 35?
35
Calculate the highest common factor of 33 and 550.
11
What is the highest common divisor of 536 and 67?
67
Calculate the greatest common factor of 59536 and 16.
16
What is the highest common factor of 170 and 90?
10
Calculate the greatest common divisor of 70 and 889.
7
Calculate the highest common factor of 51 and 414.
3
Calculate the highest common divisor of 252 and 36.
36
Calculate the highest common factor of 6040 and 40.
40
Calculate the highest common factor of 96 and 120.
24
What is the highest common divisor of 301 and 21?
7
What is the greatest common factor of 38 and 133?
19
Calculate the greatest common divisor of 810 and 75.
15
What is the highest common factor of 900 and 36?
36
Calculate the highest common divisor of 459 and 54.
27
Calculate the greatest common factor of 505 and 808.
101
Calculate the greatest common factor of 1012 and 2208.
92
What is the greatest common factor of 2 and 6514?
2
Calculate the greatest common factor of 7238 and 282.
94
Calculate the highest common divisor of 10 and 8.
2
What is the greatest common divisor of 6 and 114?
6
What is the greatest common divisor of 157 and 16799?
157
Calculate the highest common divisor of 51 and 9.
3
What is the greatest common divisor of 747 and 54?
9
Calculate the highest common divisor of 192 and 7776.
96
Calculate the greatest common factor of 297 and 1221.
33
Calculate the greatest common divisor of 190 and 70.
10
Calculate the greatest common divisor of 5 and 1615.
5
What is the greatest common divisor of 10 and 2?
2
What is the greatest common divisor of 425 and 17?
17
What is the highest common divisor of 38 and 12521?
19
What is the greatest common factor of 156 and 2328?
12
Calculate the greatest common factor of 1928 and 8.
8
Calculate the highest common factor of 1148 and 168.
28
What is the highest common divisor of 4257 and 99?
99
What is the greatest common divisor of 9 and 5718?
3
What is the highest common divisor of 33 and 154?
11
Calculate the highest common divisor of 445 and 10.
5
Calculate the highest common factor of 2077 and 201.
67
Calculate the greatest common divisor of 403 and 78.
13
What is the greatest common factor of 15 and 375?
15
Calculate the greatest common factor of 189 and 2037.
21
Calculate the highest common divisor of 212 and 265.
53
Calculate the highest common divisor of 170 and 306.
34
What is the greatest common factor of 492 and 4?
4
What is the greatest common divisor of 648 and 54?
54
Calculate the highest common divisor of 9140 a